 a factor of u?
True
Let f(g) = 5*g**2 - 3*g + 2. Suppose -24 = 5*z - z. Let o be 1*3*(-4)/z. Does 16 divide f(o)?
True
Let w(i) = 5*i + 4. Let h be w(3). Let y = 11 - h. Let z(s) = -s**3 - 6*s**2 + 11*s + 9. Is z(y) a multiple of 27?
False
Suppose 0*x = 2*x + 4*o + 92, 3*x + o = -163. Is 61 a factor of 4/(-14) + (-10264)/x?
True
Let h = 4 - -11. Let m = 34 - h. Suppose m = 5*i - 41. Does 3 divide i?
True
Let r(a) = 8*a**2 + a. Let g be r(-6). Suppose -5*w + 682 = -4*y, -y = -2*w - 4*y + g. Does 12 divide w?
False
Suppose -4*v - 718 = -q, 18*v - 19*v = 3*q - 2154. Is 16 a factor of q?
False
Does 43 divide ((-860)/(0 + -2))/(-4 - -5)?
True
Let p(t) = t**2 - t - 3. Let j be p(-3). Suppose -19 + j = -5*k. Suppose 6*a - a - 64 = -k*w, -2*w = -4*a + 44. Does 4 divide a?
True
Let v be 40*4/8*-1. Is 2 a factor of (-9 - -2 - -2)*44/v?
False
Let y be -3 + (3 - (-136)/(-2)). Let s = -11 - y. Suppose -4*q - b + s = 0, -3*q - 3 = -2*b - 43. Is 14 a factor of q?
True
Let l(i) be the third derivative of i**4/8 + i**3/3 + 2*i**2. Let d be l(0). Is 0 + -2 - (-98)/d a multiple of 11?
False
Let f(m) be the third derivative of m**6/120 + m**5/6 + 13*m**3/3 - 21*m**2. Is 21 a factor of f(-9)?
False
Let d = -23 + 25. Let s(n) = -2*n**2 + n**2 - 3*n + 3*n**2 - d*n. Is s(-3) a multiple of 7?
False
Suppose 3*g - 1 = 2*g, x + 5*g = 3096. Is 37 a factor of x?
False
Let j(q) = q**3 - 13*q**2 + q + 9. Let a be j(13). Suppose -17 = -3*k + a. Is k a multiple of 11?
False
Let x(t) = t + 8. Let a be x(-4). Suppose -3*w - 3*d + 432 = -6*d, -a*w = -3*d - 572. Is w a multiple of 35?
True
Suppose -3*g - 2*g + 50 = 0. Suppose 0 = 3*s + 578 + 10. Is 3 a factor of s/(-20) - (-2)/g?
False
Let p(d) be the third derivative of d**6/120 - d**5/6 - 11*d**4/24 + 5*d**3/2 - d**2. Is 5 a factor of p(11)?
True
Let f(z) = 43*z + 5. Let x be f(3). Let v = -94 + x. Is v a multiple of 8?
True
Let d = 376 - 58. Suppose -77 = -u + d. Suppose 0 = 4*k + k - u. Is 21 a factor of k?
False
Let s(v) = v**2 - 19*v - 142. Is s(-10) a multiple of 5?
False
Let i(d) = -d**2 + 4*d + 1. Let l be i(3). Suppose l*a - 276 = g, 3*a + a + 5*g - 252 = 0. Does 30 divide a?
False
Let a = -19 + 18. Is a + (-193)/(-2) + 4/(-8) a multiple of 19?
True
Let c(h) = -h**3 - 5*h**2 - 10*h + 1. Does 6 divide c(-4)?
False
Let t(x) = x**3 - 5*x**2 + 5*x + 2. Let j be t(4). Suppose l = j*l - 45. Is 19 a factor of 36/2 + (l - 8)?
True
Let a = -202 + 2810. Does 19 divide a?
False
Let m(s) = -s + 8. Let a be m(6). Does 4 divide (154/28)/(a/4)?
False
Suppose 12 = -7*m + 13*m. Suppose 69 = m*x - 255. Is x a multiple of 11?
False
Suppose -9*s = -55*s + 8326. Is s a multiple of 10?
False
Suppose -4*u = -5*u - 2*h - 235, 5*h = -4*u - 940. Let j = 160 + u. Is (-5)/(j/162)*5 a multiple of 18?
True
Let o be -2 + (-5)/((-20)/16). Suppose 6*x = 3*x. Suppose x = o*p + p - 72. Does 8 divide p?
True
Suppose -4*u + w = -3*u, 0 = 5*u + w - 12. Does 13 divide 44/u + (-3 - 3) + 4?
False
Let a(m) = 2*m**2 + 9*m + 2. Let l be a(-6). Suppose 57 + l = x. Does 15 divide x?
False
Suppose 8*q - 4*q = -52. Let a(s) = -s**3 + s**2 + 3*s. Let u be a(-3). Let p = q + u. Does 7 divide p?
True
Suppose -4*w = -b - 16, -b - 5*w = -5*b - 20. Suppose -2*h - 2*h = b. Suppose 5*n - 132 + 57 = h. Does 7 divide n?
False
Does 4 divide (-13)/(-6) + -2 + 11571/126?
True
Let z(j) = 2*j - 8. Suppose -3*n - 10 + 121 = 0. Suppose 3*y + 2*t - 25 = 0, 5*y + 3*t - n = 2*t. Is 5 a factor of z(y)?
False
Let t be 2/((-1)/(-1)) + 3. Suppose o = -t, 0*q - 5*o - 7 = 2*q. Suppose -3*z = 3*f - 39, 28 - q = 2*z - 5*f. Does 12 divide z?
True
Let g(a) = a**2 - 3. Let s be g(-2). Let l be ((1 - s) + 2)/(-2). Is 18 a factor of ((-12)/(-3))/(l/(-9))?
True
Let n be (-70 + 1)/1 + -3. Does 29 divide (2358/n)/((-1)/4)?
False
Let c = 159 + -80. Suppose 0 = 4*x - c - 37. Is x a multiple of 28?
False
Let i(m) = 6*m + 6. Let c be i(2). Suppose -5*r - 4*a = -370 - c, 0 = -2*r + 3*a + 169. Is r a multiple of 18?
False
Let j(b) = -17 + 21 + 4*b + 11*b - 4*b. Is 7 a factor of j(6)?
True
Is 5 a factor of (-10 + 7 + 593)/(-2 - -4)?
True
Let y(v) be the first derivative of -v**4/4 + 182*v + 13. Is 26 a factor of y(0)?
True
Let a(s) = 5*s**2 - 16*s + 35. Is 9 a factor of a(11)?
False
Suppose 2*g - 126 = 4*o, 3*g - 53 = 2*g - 3*o. Is (0 + -2 + 3)*g a multiple of 11?
False
Let o = 7 - 10. Let k(p) be the first derivative of -p**4/2 - p**2/2 - 3*p + 89. Does 29 divide k(o)?
False
Let h(l) = l**2 - 5*l - 4. Let s be h(5). Let y(k) be the third derivative of -k**4/24 + 5*k**3/6 - 5*k**2. Is 4 a factor of y(s)?
False
Suppose 9*t = 5*t + g + 2461, 0 = 3*t + 2*g - 1843. Is 8 a factor of t?
False
Suppose 0 = -3*g + 58 - 10. Suppose 0*u + u = -g. Let o = u - -34. Does 6 divide o?
True
Suppose s + 4*h = -14, -s - 3*h = 5 + 9. Let z = s + 9. Let d = z - -15. Does 3 divide d?
False
Suppose -l + 213 = 2*p, 1 = p - 2. Is 16 a factor of l?
False
Let g be -1*(3 + -2)*-5. Suppose -g*i = -a + 4*a + 3, 0 = 3*a - 3*i - 21. Suppose 0 = a*j - 49 - 7. Is j a multiple of 4?
False
Let g = 52 - 46. Let a(u) = 2*u**3 - 10*u**2 + 11*u - 3. Does 27 divide a(g)?
True
Let g(h) be the third derivative of 0 + 4*h**2 + 1/6*h**3 - 1/24*h**4 + 0*h. Is 3 a factor of g(-5)?
True
Let t(k) = k**3 - 3*k + 3. Let c be t(2). Let a be c + -2 + (252 - -9). Suppose -3*s - a = -9*s. Is 11 a factor of s?
True
Suppose 4*d - 5*t - 5585 = -d, 5*d + 2*t - 5606 = 0. Does 56 divide d?
True
Suppose -5*d - 2*w + 3*w - 20 = 0, 3*d + 12 = 4*w. Let k(y) = -y + 11. Let f be k(8). Is 13 a factor of 53/(d/(-12)*f)?
False
Let o(k) = k**2 - 15*k + 11. Suppose 5*r = 7*r - 18. Let a be o(r). Let h = -23 - a. Is h a multiple of 6?
False
Let l(n) = n**3 + 3*n**2 + 2*n + 2. Suppose -5*f = -2*p + 12, 4*p - 1 = -f + 1. Let a be l(f). Suppose -22 = -v + a*h, v - h - 3*h - 32 = 0. Is 6 a factor of v?
True
Let x(z) = z**2 + 4*z + 10. Suppose -o + r = -3*r - 2, 55 = -4*o - 5*r. Is 15 a factor of x(o)?
False
Let c(f) = f**3 + 17*f**2 + 9*f - 9. Does 33 divide c(-8)?
True
Suppose -17*f + 12*f + 160 = 0. Suppose -w - 4*w = 140. Let a = f + w. Is a even?
True
Let y = -46 - -45. Let w(j) = -207*j + 3. Is 15 a factor of w(y)?
True
Let u = -77 + 252. Let d = u - 20. Is 31 a factor of d?
True
Let b(q) = 170*q**2 + 28*q + 53. Is b(-2) a multiple of 8?
False
Let q be 2 - 1/1 - -3. Let p(a) = 29*a - 1. Let f be p(1). Let z = q + f. Is 7 a factor of z?
False
Let b = -6 + 0. Let r = b - 29. Let v = r + 49. Is 4 a factor of v?
False
Suppose -2*v = -20 - 2. Let y = 47 - v. Is 20 a factor of (3 - 0) + -3 + y?
False
Let m = 36 - 46. Let y(k) = -11*k - 27. Does 14 divide y(m)?
False
Suppose -5*t + 3 - 23 = 0. Let b be 12/t*-1 - -2. Suppose -206 - 81 = -4*z + a, b*a = -z + 77. Is 24 a factor of z?
True
Suppose 5*q - 6*q + 2 = 0, q = -x + 244. Let y = x - 53. Is 21 a factor of y?
True
Let d(a) = -a**2 - 9*a - 11. Let y be d(-2). Suppose 0 = -4*v + 2*h + 360, -y*v + 0*v + h + 269 = 0. Is v a multiple of 10?
False
Suppose 510 = 3*k + 5*c, -5*k + 29*c - 28*c + 850 = 0. Does 19 divide k?
False
Let l(y) = 0*y**2 + 9*y**2 - 7*y - 7*y**2 + 1 - y**2. Is 15 a factor of l(11)?
True
Is ((-585)/(-130))/((-2)/(-80)) a multiple of 20?
True
Let a = 484 - 227. Is a a multiple of 44?
False
Suppose -3*v + 4*v - 2 = 0. Let c(h) = 26*h + 2. Let q be c(v). Suppose -5*p + 199 = 4*d, -d - 4*p + q = -7*p. Does 17 divide d?
True
Does 17 divide (-17225)/(-195) + (-4)/3?
False
Let m = 1810 - 233. Is 13 a factor of m?
False
Suppose 0 = 5*i - 248 + 28. Suppose -7*c + i = 4*n - 5*c, 0 = -3*n - 5*c + 40. Does 5 divide n?
True
Let g = -8 + 76. Let t = -7 - g. Is (11/33)/((-1)/t) a multiple of 20?
False
Let t(x) = -2*x**2 + 84*x - 57. Is t(38) a multiple of 13?
True
Does 12 divide 43 + 3/9*-21?
True
Let k = -218 - 205. Is 47 a factor of (k/36)/(2/(-40))?
True
Suppose 163 = 3*g + t, 3*g - 3*t - 250 + 67 = 0. Is g a multiple of 8?
True
Suppose l + 5 = 0, -2*l + 0*l = -4*h - 42. Is 8 a factor of (-32)/6*(585/6)/h?
True
Let r(v) = -v + 16. Let w be r(16). Suppose -5*y - 109 = -2*m - w*y, 0 = 2*m + y - 115. Does 7 divide m?
False
Suppose 0 = -9*p + 35 + 316. Suppose 0 = 4*v - 251 + p. Does 11 divide v?
False
Let r = 44 - 76. Let s = 192 - r. Is 16 a factor of s?
True
Let a = -180 + 195. Does 2 divide a?
False
Suppose 554 = 2*t + 3*o - 2